What is the greatest common divisor of 130 and 2?
2
What is the highest common factor of 126 and 574?
14
What is the greatest common divisor of 5933 and 17?
17
Calculate the highest common divisor of 574 and 1886.
82
What is the highest common factor of 20 and 470?
10
What is the greatest common factor of 270 and 30?
30
Calculate the highest common factor of 263 and 63383.
263
Calculate the highest common divisor of 620 and 140.
20
Calculate the greatest common divisor of 444 and 777.
111
What is the greatest common factor of 19 and 17803?
19
What is the greatest common divisor of 15 and 3495?
15
Calculate the highest common factor of 2250 and 90.
90
Calculate the highest common divisor of 1200 and 16.
16
Calculate the highest common divisor of 95 and 4085.
95
Calculate the greatest common divisor of 171 and 18297.
171
Calculate the greatest common factor of 4074 and 42.
42
What is the greatest common divisor of 3116 and 608?
76
What is the highest common divisor of 729 and 207?
9
What is the highest common factor of 76 and 532?
76
Calculate the greatest common factor of 584 and 14162.
146
Calculate the greatest common divisor of 1023 and 744.
93
What is the greatest common factor of 416 and 156?
52
Calculate the greatest common factor of 76 and 1710.
38
What is the highest common factor of 36 and 366?
6
What is the greatest common divisor of 23 and 69?
23
What is the highest common factor of 715 and 1235?
65
What is the greatest common divisor of 13420 and 305?
305
Calculate the highest common divisor of 7 and 581.
7
What is the highest common divisor of 273 and 189?
21
What is the greatest common divisor of 1600 and 9400?
200
Calculate the highest common divisor of 198 and 462.
66
Calculate the greatest common divisor of 9042 and 66.
66
What is the greatest common factor of 5376 and 16?
16
What is the greatest common factor of 70 and 7?
7
What is the greatest common factor of 333 and 36?
9
What is the greatest common factor of 20 and 245?
5
Calculate the highest common factor of 2788 and 68.
68
What is the highest common factor of 11 and 297?
11
Calculate the greatest common divisor of 437 and 736.
23
Calculate the highest common factor of 316 and 8.
4
What is the highest common factor of 12 and 5388?
12
What is the highest common factor of 575 and 375?
25
Calculate the greatest common factor of 3284 and 8.
4
Calculate the greatest common factor of 13478 and 138.
46
Calculate the highest common factor of 2 and 4.
2
Calculate the highest common divisor of 897 and 117.
39
What is the greatest common factor of 707 and 7?
7
Calculate the greatest common factor of 240 and 6320.
80
Calculate the highest common factor of 1666 and 34.
34
Calculate the highest common divisor of 2226 and 1974.
42
Calculate the greatest common divisor of 2509 and 13.
13
What is the greatest common divisor of 9 and 243?
9
Calculate the greatest common factor of 7 and 175.
7
What is the greatest common divisor of 3213 and 3591?
189
Calculate the highest common factor of 10 and 170.
10
What is the greatest common divisor of 67 and 18559?
67
Calculate the highest common divisor of 11634 and 42.
42
What is the greatest common factor of 195 and 3645?
15
What is the highest common divisor of 46 and 11178?
46
What is the highest common divisor of 15 and 3855?
15
Calculate the highest common factor of 272 and 1496.
136
What is the greatest common factor of 156 and 12?
12
What is the highest common divisor of 549 and 9?
9
Calculate the highest common factor of 2021 and 387.
43
What is the highest common divisor of 6 and 114?
6
Calculate the highest common divisor of 74 and 629.
37
Calculate the highest common factor of 601 and 4.
1
Calculate the highest common factor of 9589 and 446.
223
What is the greatest common factor of 1739 and 94?
47
What is the greatest common divisor of 42 and 231?
21
What is the greatest common divisor of 68 and 697?
17
What is the highest common factor of 261 and 1189?
29
What is the greatest common divisor of 208 and 260?
52
What is the greatest common divisor of 42 and 144?
6
What is the highest common divisor of 30 and 240?
30
What is the highest common factor of 1056 and 44?
44
What is the highest common factor of 168 and 2032?
8
What is the highest common divisor of 653 and 2?
1
Calculate the highest common divisor of 171 and 475.
19
What is the greatest common divisor of 81 and 243?
81
Calculate the greatest common factor of 138 and 3933.
69
What is the highest common factor of 4480 and 70?
70
Calculate the greatest common divisor of 20 and 795.
5
What is the greatest common factor of 9773 and 2696?
337
What is the greatest common divisor of 14 and 238?
14
Calculate the highest common divisor of 12 and 240.
12
What is the highest common factor of 2208 and 690?
138
Calculate the greatest common divisor of 150 and 18.
6
What is the greatest common factor of 2560 and 80?
80
Calculate the greatest common divisor of 846 and 360.
18
What is the highest common divisor of 323 and 85?
17
What is the greatest common divisor of 1023 and 4371?
93
Calculate the greatest common factor of 12 and 8.
4
Calculate the highest common factor of 546 and 390.
78
What is the highest common factor of 190 and 150?
10
What is the greatest common divisor of 136 and 119?
17
Calculate the highest common divisor of 609 and 84.
21
Calculate the highest common factor of 1480 and 20.
20
Calculate the highest common divisor of 114 and 258.
6
Calculate the greatest common divisor of 42 and 518.
14
What is the highest common factor of 2 and 1386?
2
What is the highest common divisor of 242 and 2?
2
Calculate the greatest common factor of 10 and 2920.
10
What is the greatest common factor of 28 and 2114?
14
Calculate the greatest common divisor of 760 and 120.
40
Calculate the highest common divisor of 81 and 36207.
81
Calculate the highest common divisor of 3233 and 61.
61
Calculate the greatest common divisor of 62 and 930.
62
Calculate the highest common divisor of 8 and 128.
8
Calculate the highest common factor of 135 and 245.
5
Calculate the highest common divisor of 345 and 390.
15
What is the greatest common factor of 396 and 1452?
132
What is the greatest common divisor of 22 and 253?
11
Calculate the highest common divisor of 56 and 5656.
56
What is the highest common factor of 598 and 78?
26
What is the greatest common divisor of 350 and 75?
25
What is the greatest common divisor of 29 and 319?
29
Calculate the greatest common factor of 5285 and 35.
35
Calculate the highest common factor of 32 and 39392.
32
Calculate the highest common factor of 65 and 91.
13
What is the greatest common divisor of 6296 and 8?
8
What is the highest common factor of 256 and 10592?
32
What is the highest common divisor of 30 and 82?
2
Calculate the greatest common factor of 43 and 172.
43
Calculate the greatest common factor of 96 and 204.
12
What is the greatest common divisor of 49 and 77?
7
What is the highest common divisor of 559 and 301?
43
What is the highest common factor of 1060 and 1166?
106
What is the greatest common divisor of 333 and 37?
37
What is the highest common factor of 182 and 2086?
14
Calculate the highest common factor of 30 and 18.
6
Calculate the greatest common divisor of 20 and 85.
5
Calculate the greatest common factor of 22 and 1837.
11
What is the greatest common factor of 1040 and 10140?
260
What is the greatest common factor of 154 and 1890?
14
Calculate the highest common divisor of 45 and 2205.
45
Calculate the highest common divisor of 16 and 248.
8
What is the greatest common factor of 14041 and 133?
19
What is the highest common divisor of 53 and 477?
53
Calculate the highest common factor of 424 and 32.
8
What is the highest common divisor of 76 and 418?
38
What is the greatest common divisor of 160 and 36640?
160
What is the greatest common divisor of 21 and 35?
7
Calculate the greatest common divisor of 292 and 42.
2
Calculate the highest common factor of 346 and 2.
2
Calculate the greatest common factor of 343 and 2303.
49
What is the greatest common divisor of 406 and 522?
58
Calculate the greatest common factor of 5225 and 38.
19
What is the highest common factor of 600 and 16?
8
Calculate the highest common divisor of 435 and 480.
15
Calculat